{"id":186,"date":"2019-12-07T01:14:38","date_gmt":"2019-12-07T01:14:38","guid":{"rendered":"http:\/\/levego.enum.hu\/wplevego\/?page_id=186"},"modified":"2020-11-02T10:30:59","modified_gmt":"2020-11-02T09:30:59","slug":"workshop","status":"publish","type":"page","link":"https:\/\/levego.enum.hu\/wplevego\/index.php\/workshop-old\/workshop\/","title":{"rendered":"Workshop"},"content":{"rendered":"\n<p><strong>VIII. Sz\u00e1ll\u00f3 por szenzor \u00f6ssze\u00e9p\u00edt\u0151 workshop<\/strong><\/p>\n\n\n\n<p><strong>Id\u0151pont: <\/strong>2020. okt\u00f3ber 15. cs\u00fct\u00f6rt\u00f6k, kezd\u00e9s: 19:00  (kb. 3 \u00f3r\u00e1s)<br><strong>Helysz\u00edn:<\/strong> Telki, M\u0171vel\u0151d\u00e9si h\u00e1z<br><\/p>\n\n\n\n<div class=\"wp-block-image\"><figure class=\"alignleft size-large\"><img decoding=\"async\" loading=\"lazy\" width=\"133\" height=\"200\" src=\"http:\/\/levego.enum.hu\/wplevego\/wp-content\/uploads\/2020\/11\/DSC_2869.gif\" alt=\"\" class=\"wp-image-447\"\/><\/figure><\/div>\n\n\n\n<p>\u00c9p\u00edts magadnak sz\u00e1ll\u00f3 por szenzort \u00e9s m\u00e9rj\u00fck egy\u00fctt Eur\u00f3pa leveg\u0151min\u0151s\u00e9g\u00e9t! <\/p>\n\n\n\n<p>\u00d6sszeszerel\u0151 workshopokat az OK Lab Stuttgart kezdem\u00e9nyez\u00e9s\u00e9n  felbuzdulva kb. egy-k\u00e9t havi rendszeress\u00e9ggel tartok. A workshopokon  alkatr\u00e9szekb\u0151l \u00f6sszeszerel\u00fcnk egy m\u0171k\u00f6d\u0151 szenzort, mely monitorozza a<strong> h\u0151m\u00e9rs\u00e9kletet<\/strong>, a <strong>relat\u00edv p\u00e1ratartalmat<\/strong>, \u00e9s a <strong>sz\u00e1ll\u00f3 por<\/strong>  koncentr\u00e1ci\u00f3j\u00e1t (PM10, PM2.5). A szenzor az otthoni wifi-re  feljelenkezve egy k\u00f6zponti adatb\u00e1zisba gy\u0171jti az adatokat melyeket  grafikonokon, t\u00e9rk\u00e9pen, vagy ak\u00e1r nyers adatokk\u00e9nt (CSV) is el\u00e9rhet\u0151v\u00e9  tesznek a felhaszn\u00e1l\u00f3knak. <\/p>\n\n\n\n<p>A program c\u00e9lja a leveg\u0151min\u0151s\u00e9g szenzorokb\u00f3l egy civil h\u00e1l\u00f3zat ki\u00e9p\u00edt\u00e9se az eg\u00e9sz vil\u00e1gon.<\/p>\n\n\n\n<figure class=\"wp-block-image size-large is-style-circle-mask\"><img decoding=\"async\" loading=\"lazy\" width=\"604\" height=\"612\" src=\"http:\/\/levego.enum.hu\/wplevego\/wp-content\/uploads\/2020\/11\/Luftdaten-map-7may2019.png\" alt=\"\" class=\"wp-image-448\"\/><figcaption><em>Eur\u00f3p\u00e1ban m\u00e1r eg\u00e9sz sok van<\/em><\/figcaption><\/figure>\n\n\n\n<p><\/p>\n\n\n\n<div class=\"wp-block-image\"><figure class=\"alignright size-large\"><img decoding=\"async\" loading=\"lazy\" width=\"200\" height=\"133\" src=\"http:\/\/levego.enum.hu\/wplevego\/wp-content\/uploads\/2020\/11\/DSC_2866.gif\" alt=\"\" class=\"wp-image-449\"\/><\/figure><\/div>\n\n\n\n<p>  A program kimondott c\u00e9lja a ny\u00edlt, el\u00e9rhet\u0151 adatok, az \u00e1tl\u00e1that\u00f3s\u00e1g \u00e9s a  citizen science fejl\u0151d\u00e9s\u00e9nek el\u0151seg\u00edt\u00e9se. A citizen science-nek m\u00e9g  rendes magyar ford\u00edt\u00e1sa sincs, legt\u00f6bbsz\u00f6r civil tudom\u00e1nyk\u00e9nt emlegetik.  Arr\u00f3l van sz\u00f3, hogy a laikusok is bevon\u00f3dnak a tudm\u00e1nyos kutat\u00e1sokba,  adatok gy\u0171jt\u00e9s\u00e9vel vagy elosztott feldolgoz\u00e1s\u00e1val. Ilyen  k\u00f6rnyezetmonitoroz\u00f3 kezdem\u00e9nyez\u00e9s az elm\u00falt \u00e9vekben sok indult, a  stuttgartiak\u00e9 az\u00e9rt lett szimpatikus, mert egy k\u00e9sz megold\u00e1st adnak,  szabv\u00e1nyos \u00e9p\u00edt\u0151elemekb\u0151l, t\u00f6bb nyelven, k\u00f6z\u00f6ss\u00e9get \u00e9p\u00edtve \u00e9s mindezt  k\u00f6nnyen hozz\u00e1f\u00e9rhet\u0151en.   <\/p>\n\n\n\n<p>Kor\u00e1bbi workshopok:<\/p>\n\n\n\n<ul><li><em>I. workshop: 2019. m\u00e1rcius 14.<\/em><\/li><li><em>II. workshop: 2019. \u00e1prilis 16.<\/em><\/li><li><em>III. workshop: 2019. szeptember 22. (<a rel=\"noreferrer noopener\" href=\"https:\/\/photos.google.com\/share\/AF1QipMmgSLc5wZbSC3Bg-mZTxCp69-DbtUs_K_170jZOuqd17DYneOmqpEGcj1Vv3vePw?key=cmVBZU8wY3lkNlBvbUpEekgwUjRJYkJZTkdnQnln\" target=\"_blank\">aut\u00f3mentes nap<\/a>)<\/em><\/li><li><em>IV.  workshop: 2019.  november 26.<\/em><\/li><li><em>V. workshop: 2020 janu\u00e1r 21. (<a href=\"http:\/\/levego.enum.hu\/wplevego\/index.php\/2020\/01\/25\/verocei-workshop\/\">Ver\u0151ce<\/a>)<\/em><\/li><li>VI. \u00e9s VII. workshop: 2020 febru\u00e1r 25. \u00e9s 27. (<a rel=\"noreferrer noopener\" href=\"https:\/\/www.krakntown.com\/\" target=\"_blank\">Krak&#8217;n Town<\/a> Steampunk Saloon)<\/li><\/ul>\n\n\n\n<div class=\"wp-block-image\"><figure class=\"alignleft size-large\"><img decoding=\"async\" loading=\"lazy\" width=\"200\" height=\"133\" src=\"http:\/\/levego.enum.hu\/wplevego\/wp-content\/uploads\/2020\/11\/DSC_2861.gif\" alt=\"\" class=\"wp-image-450\"\/><\/figure><\/div>\n\n\n\n<p>Egy\u00fctt \u00e9p\u00edtj\u00fck meg az el\u0151k\u00e9sz\u00edtett alkatr\u00e9szekb\u0151l a  sz\u00e1ll\u00f3por-\u00e9rz\u00e9kel\u0151ket. Programozni nem kell tudni, m\u00e9g forrasztani sem,  b\u00e1rki meg tudja csin\u00e1lni. Az alkatr\u00e9szeket el\u0151re megrendelem, ha a  jelentkez\u00e9s ut\u00e1n elk\u00fcld\u00f6d az \u00e1r\u00e1t. K\u00e9rlek, hogy a jelentkez\u00e9sn\u00e9l sz\u00f3lj, ha te magad akarod beszerezni a cuccokat. A luftdaten.info oldalon az&nbsp;<a rel=\"noreferrer noopener\" target=\"_blank\" href=\"https:\/\/luftdaten.info\/feinstaubsensor-bauen\/\">\u00f6sszeszerel\u00e9si \u00fatmutat\u00f3<\/a>&nbsp;alatt megtal\u00e1lod a teljes alkatr\u00e9szlist\u00e1t, \u00e9s m\u00e1r <a href=\"http:\/\/levego.enum.hu\/wplevego\/index.php\/2020\/01\/28\/megrendelheted-az-alkatreszeket\/\">meg is rendelheted <\/a>a nettigo j\u00f3volt\u00e1b\u00f3l egy k\u00e9szletben az eg\u00e9szet.<\/p>\n\n\n\n<div class=\"wp-block-image\"><figure class=\"alignright size-large\"><img decoding=\"async\" loading=\"lazy\" width=\"200\" height=\"133\" src=\"http:\/\/levego.enum.hu\/wplevego\/wp-content\/uploads\/2020\/11\/DSC_2872.gif\" alt=\"\" class=\"wp-image-451\"\/><\/figure><\/div>\n\n\n\n<p>Az alkatr\u00e9szek \u00e9s a workshop \u00e1ra egy\u00fctt 53 EUR (ez jelenleg kb 18 000 Ft). Az al\u00e1bbi linkre  kattintva egy google formon regisztr\u00e1lj, \u00e9s a sikeres regisztr\u00e1ci\u00f3 ut\u00e1n emailben k\u00fcld\u00f6k inform\u00e1ci\u00f3t a fizet\u00e9si lehet\u0151s\u00e9gekr\u0151l. <\/p>\n\n\n\n<h2><a href=\"https:\/\/docs.google.com\/forms\/d\/e\/1FAIpQLSfhciSOu09fasJvlWpko7O8uxFpnaB_wgvdD5Ac2WLgXT9dMw\/viewform?usp=sf_link\" target=\"_blank\" rel=\"noreferrer noopener\"><strong>REGISZTR\u00c1CI\u00d3<\/strong><\/a><\/h2>\n\n\n\n<p><\/p>\n","protected":false},"excerpt":{"rendered":"<p>VIII. Sz\u00e1ll\u00f3 por szenzor \u00f6ssze\u00e9p\u00edt\u0151 workshop Id\u0151pont: 2020. okt\u00f3ber 15. cs\u00fct\u00f6rt\u00f6k, kezd\u00e9s: 19:00 (kb. 3 \u00f3r\u00e1s)Helysz\u00edn: Telki, M\u0171vel\u0151d\u00e9si h\u00e1z \u00c9p\u00edts magadnak sz\u00e1ll\u00f3 por szenzort \u00e9s m\u00e9rj\u00fck egy\u00fctt Eur\u00f3pa leveg\u0151min\u0151s\u00e9g\u00e9t! \u00d6sszeszerel\u0151 workshopokat az OK Lab Stuttgart kezdem\u00e9nyez\u00e9s\u00e9n felbuzdulva kb. egy-k\u00e9t havi [&hellip;]<\/p>\n","protected":false},"author":1,"featured_media":0,"parent":2,"menu_order":0,"comment_status":"closed","ping_status":"closed","template":"page-templates\/single-service.php","meta":[],"_links":{"self":[{"href":"https:\/\/levego.enum.hu\/wplevego\/index.php\/wp-json\/wp\/v2\/pages\/186"}],"collection":[{"href":"https:\/\/levego.enum.hu\/wplevego\/index.php\/wp-json\/wp\/v2\/pages"}],"about":[{"href":"https:\/\/levego.enum.hu\/wplevego\/index.php\/wp-json\/wp\/v2\/types\/page"}],"author":[{"embeddable":true,"href":"https:\/\/levego.enum.hu\/wplevego\/index.php\/wp-json\/wp\/v2\/users\/1"}],"replies":[{"embeddable":true,"href":"https:\/\/levego.enum.hu\/wplevego\/index.php\/wp-json\/wp\/v2\/comments?post=186"}],"version-history":[{"count":15,"href":"https:\/\/levego.enum.hu\/wplevego\/index.php\/wp-json\/wp\/v2\/pages\/186\/revisions"}],"predecessor-version":[{"id":452,"href":"https:\/\/levego.enum.hu\/wplevego\/index.php\/wp-json\/wp\/v2\/pages\/186\/revisions\/452"}],"up":[{"embeddable":true,"href":"https:\/\/levego.enum.hu\/wplevego\/index.php\/wp-json\/wp\/v2\/pages\/2"}],"wp:attachment":[{"href":"https:\/\/levego.enum.hu\/wplevego\/index.php\/wp-json\/wp\/v2\/media?parent=186"}],"curies":[{"name":"wp","href":"https:\/\/api.w.org\/{rel}","templated":true}]}}