{"id":216,"date":"2020-01-16T15:12:51","date_gmt":"2020-01-16T15:12:51","guid":{"rendered":"http:\/\/levego.enum.hu\/wplevego\/?page_id=216"},"modified":"2020-01-16T15:12:51","modified_gmt":"2020-01-16T15:12:51","slug":"szallo-por","status":"publish","type":"page","link":"https:\/\/levego.enum.hu\/wplevego\/index.php\/szallo-por\/","title":{"rendered":"Sz\u00e1ll\u00f3 por"},"content":{"rendered":"<p>Mi az a sz\u00e1ll\u00f3 por, milyen apr\u00f3 porszemekr\u0151l besz\u00e9l\u00fcnk, mi a baj vel\u00fck, \u00e9s mit\u0151l vannak ezek a leveg\u0151ben?<\/p>\n<p>A sz\u00e1ll\u00f3 port k\u00e9miai \u00f6sszet\u00e9tel\u00e9t\u0151l f\u00fcggetlen\u00fcl a leveg\u0151ben sz\u00e1ll\u00f3 r\u00e9szecsk\u00e9k nagys\u00e1ga szerint csoportokba sorolj\u00e1k \u00e9s a koncentr\u00e1ci\u00f3jukat egy sk\u00e1la szerint oszt\u00e1lyozz\u00e1k. Eg\u00e9szs\u00e9g\u00fcgyi szempontb\u00f3l a 10-16 mikronn\u00e1l kisebb m\u00e9ret\u0171 sz\u00e1ll\u00f3 pornak van jelent\u0151s\u00e9ge, a m\u00e9r\u0151m\u0171szerek \u00e1ltal\u00e1ban 10\u03bcm , 4\u03bcm, 2.5\u03bcm \u00e9s 1\u03bcm nagys\u00e1gokat k\u00fcl\u00f6n m\u00e9rik.\u00a0 Ezekre a PM10 \u00e9s a PM2.5, stb.\u00a0 jel\u00f6l\u00e9st haszn\u00e1ljuk.<\/p>\n<p>\u00a0<\/p>\n\n\n<figure class=\"wp-block-table\"><table class=\"\"><tbody>\n<tr>\n<td class=\"has-text-align-left\" data-align=\"left\"><strong>AQI<\/strong><br>(Air Quality Index)<\/td>\n<td><strong> PM 2.5<\/strong><br>( \u03bcg\/m\u00b3 )<\/td>\n<td><strong>Min\u0151s\u00edt\u00e9s<\/strong><\/td>\n<\/tr>\n<tr><td class=\"has-text-align-left\" data-align=\"left\">0-50<\/td>\n<td>0-12<\/td>\n<td bgcolor=\"#00ee00\">J\u00f3<\/td>\n<\/tr>\n<tr>\n<td class=\"has-text-align-left\" data-align=\"left\">51-100<\/td>\n<td>12-35<\/td><td bgcolor=\"#fedc41\"><strong>M\u00e9rs\u00e9kelten j\u00f3<\/strong><\/td>\n<\/tr>\n<tr>\n<td class=\"has-text-align-left\" data-align=\"left\">101-150<\/td>\n<td>35-55<\/td>\n<td bgcolor=\"#e18830\"><strong>Eg\u00e9szs\u00e9gtelen \u00e9rz\u00e9keny szem\u00e9lyeknek<\/strong><\/td>\n<\/tr>\n<tr>\n<td class=\"has-text-align-left\" data-align=\"left\">151-200<\/td>\n<td>55-150<\/td>\n<td bgcolor=\"#ff0000\"><font color=\"#ffffff\"><strong>Eg\u00e9szs\u00e9gtelen<\/strong><\/font><\/td>\n<\/tr>\n<tr>\n<td class=\"has-text-align-left\" data-align=\"left\">201-300<\/td>\n<td>150-250<\/td>\n<td bgcolor=\"#9536b6\"><font color=\"#ffffff\"><strong>Nagyon eg\u00e9szs\u00e9gtelen<\/strong><\/font><\/td>\n<\/tr>\n<tr>\n<td class=\"has-text-align-left\" data-align=\"left\">&gt;300<\/td>\n<td>&gt;250<\/td><td bgcolor=\"#491a5a\"><font color=\"#ffffff\"><strong>Vesz\u00e9lyes<\/strong><\/font><\/td>\n<\/tr>\n<\/tbody><\/table><\/figure>\n\n\n\n<p><\/p>\n\n\n\n<p><strong>Eg\u00e9szs\u00e9g\u00fcgyi hat\u00e1r\u00e9rt\u00e9kek<\/strong><\/p>\n\n\n\n<p>Jelenleg \u00e9rv\u00e9nyes, PM10-re vonatkoz\u00f3 napi hat\u00e1r\u00e9rt\u00e9k (24 \u00f3r\u00e1s \u00e1tlag): 50 \u03bcg\/m\u00b3, az \u00e9ves 40 \u03bcg\/m\u00b3. A PM2.5-re jelenleg csak \u00e9ves \u00e1tlag <a href=\"https:\/\/ec.europa.eu\/environment\/air\/quality\/standards.htm\" target=\"_blank\" rel=\"noreferrer noopener\">hat\u00e1r\u00e9rt\u00e9k<\/a> l\u00e9tezik, melynek \u00e9rt\u00e9ke a 2015. \u00e9vt\u0151l: 25 \u03bcg\/m\u00b3 .<\/p>\n\n\n\n<p><strong>Szmogriad\u00f3<\/strong><\/p>\n\n\n\n<p>Az \u00f6nkorm\u00e1nyzatok akkor k\u00f6telesek t\u00e1j\u00e9koztatni a lakoss\u00e1got, ha a sz\u00e1ll\u00f3 por (PM10) \u00e9rt\u00e9ke k\u00e9t egym\u00e1st k\u00f6vet\u0151 napon meghaladja a 75 \u00b5g\/m\u00b3-t (150%), riaszt\u00e1si k\u00f6telezetts\u00e9g pedig akkor \u00e1ll fenn, ha a sz\u00e1ll\u00f3 por \u00e9rt\u00e9ke k\u00e9t egym\u00e1st k\u00f6vet\u0151 napon meghaladja a 100 \u00b5g\/m\u00b3-t (200%) \u00e9s a meteorol\u00f3giai el\u0151rejelz\u00e9sek szerint a k\u00f6vetkez\u0151 napon sem v\u00e1rhat\u00f3 javul\u00e1s.<\/p>\n\n\n\n<figure class=\"wp-block-image size-large is-resized\"><img decoding=\"async\" loading=\"lazy\" src=\"http:\/\/levego.enum.hu\/wplevego\/wp-content\/uploads\/2020\/01\/PM-hajszal.png\" alt=\"\" class=\"wp-image-226\" width=\"576\" height=\"453\"\/><\/figure>\n\n\n\n<p><strong>PM10<\/strong><\/p>\n\n\n\n<p>A leveg\u0151ben sz\u00e1ll\u00f3 10 mikronn\u00e1l kisebb r\u00e9szecsk\u00e9k. \u00d6sszet\u00e9tel\u00fck b\u00e1rmi lehet. szerves, szervetlen, szil\u00e1rd, p\u00e1r\u00e1s id\u0151ben ak\u00e1r harmatcseppek is. Bel\u00e9gz\u00e9s\u00fckkor a garaton t\u00faljutnak, \u00e1ltal\u00e1ban a fels\u0151 l\u00e9gutakat irrit\u00e1lj\u00e1k. <\/p>\n\n\n\n<p><strong>PM2.5<\/strong><\/p>\n\n\n\n<p>K\u00e9t \u00e9s f\u00e9l mikron m\u00e9ret\u0171 szemcs\u00e9k. M\u00e9ret\u00fck kb. harmincszor kisebb, mint az emberi haj \u00e1tm\u00e9r\u0151je, a mondat v\u00e9gi ponton t\u00f6bb ezer is elf\u00e9r bel\u0151l\u00fck. Ezek az apr\u00f3 szemcs\u00e9k a l\u00e9gz\u0151szervekben m\u00e9lyebre is behatolnak, a t\u00fcd\u0151ig is eljutnak.<br>Irrit\u00e1lj\u00e1k a szem\u00fcnket, az orrunkat, a torkunkat, k\u00f6h\u00f6g\u00e9st, t\u00fcssz\u00f6g\u00e9st, orrfoly\u00e1st okozhatnak. Tart\u00f3s kitetts\u00e9g l\u00e9gszomjjal j\u00e1rhat, a t\u00fcd\u0151funkci\u00f3 kev\u00e9sb\u00e9 hat\u00e9konny\u00e1 v\u00e1lik \u00e9s az asztm\u00e1sok, sz\u00edvbetegek eg\u00e9szs\u00e9gi \u00e1llapot\u00e1t rontja.<br>K\u00fclt\u00e9ren \u00e1ltal\u00e1ban \u00e9get\u00e9sb\u0151l (\u00fczemanyagok, er\u0151m\u0171vek, f\u0171t\u00e9s, \u00e9s term\u00e9szetes t\u00fczek) sz\u00e1rmaznak, de g\u00e1zokb\u00f3l \u00e9s apr\u00f3 p\u00e1racseppekb\u0151l az atmoszf\u00e9r\u00e1ban is k\u00e9pz\u0151dhetnek, \u00e9s messzire eljutnak a kibocs\u00e1t\u00e1s helyszin\u00e9t\u0151l. Erd\u0151t\u00fczek vagy egy vulk\u00e1nkit\u00f6r\u00e9s nagy m\u00e9rt\u00e9kben megn\u00f6veli a leveg\u0151ben m\u00e9rt koncentr\u00e1ci\u00f3jukat ak\u00e1r sz\u00e1z kil\u00f3m\u00e9terekkel t\u00e1volabb is.<br>Belt\u00e9ri sz\u00e1ll\u00f3por-forr\u00e1s p\u00e9ld\u00e1ul a doh\u00e1nyf\u00fcst, de ak\u00e1r a f\u0151z\u00e9s is lehet(zs\u00edrban, olajban s\u00fct\u00e9s, grillez\u00e9s), vagy \u00e9g\u0151 gyerty\u00e1k, olajl\u00e1mp\u00e1k, \u00e9s term\u00e9szetesen a ny\u00edlt \u00e9g\u00e9s\u0171 t\u0171zhelyek. Ha a k\u00fclt\u00e9ri sz\u00e1ll\u00f3 por koncentr\u00e1ci\u00f3 magas, akkor ezekre is \u00e9rdemes odafigyelni.<\/p>\n","protected":false},"excerpt":{"rendered":"<p>Mi az a sz\u00e1ll\u00f3 por, milyen apr\u00f3 porszemekr\u0151l besz\u00e9l\u00fcnk, mi a baj vel\u00fck, \u00e9s mit\u0151l vannak ezek a leveg\u0151ben? A sz\u00e1ll\u00f3 port k\u00e9miai \u00f6sszet\u00e9tel\u00e9t\u0151l f\u00fcggetlen\u00fcl a leveg\u0151ben sz\u00e1ll\u00f3 r\u00e9szecsk\u00e9k nagys\u00e1ga szerint csoportokba sorolj\u00e1k \u00e9s a koncentr\u00e1ci\u00f3jukat egy sk\u00e1la szerint oszt\u00e1lyozz\u00e1k. [&hellip;]<\/p>\n","protected":false},"author":1,"featured_media":0,"parent":0,"menu_order":0,"comment_status":"closed","ping_status":"closed","template":"","meta":[],"_links":{"self":[{"href":"https:\/\/levego.enum.hu\/wplevego\/index.php\/wp-json\/wp\/v2\/pages\/216"}],"collection":[{"href":"https:\/\/levego.enum.hu\/wplevego\/index.php\/wp-json\/wp\/v2\/pages"}],"about":[{"href":"https:\/\/levego.enum.hu\/wplevego\/index.php\/wp-json\/wp\/v2\/types\/page"}],"author":[{"embeddable":true,"href":"https:\/\/levego.enum.hu\/wplevego\/index.php\/wp-json\/wp\/v2\/users\/1"}],"replies":[{"embeddable":true,"href":"https:\/\/levego.enum.hu\/wplevego\/index.php\/wp-json\/wp\/v2\/comments?post=216"}],"version-history":[{"count":34,"href":"https:\/\/levego.enum.hu\/wplevego\/index.php\/wp-json\/wp\/v2\/pages\/216\/revisions"}],"predecessor-version":[{"id":251,"href":"https:\/\/levego.enum.hu\/wplevego\/index.php\/wp-json\/wp\/v2\/pages\/216\/revisions\/251"}],"wp:attachment":[{"href":"https:\/\/levego.enum.hu\/wplevego\/index.php\/wp-json\/wp\/v2\/media?parent=216"}],"curies":[{"name":"wp","href":"https:\/\/api.w.org\/{rel}","templated":true}]}}